site number?
False
Is 5903 a prime number?
True
Is 9221 a prime number?
True
Is 29983 a prime number?
True
Is 21506 prime?
False
Is 15802 a composite number?
True
Is 68633 prime?
True
Is 577589 composite?
False
Is 3150509 a composite number?
False
Is 213431 a prime number?
False
Is 2459 a composite number?
False
Is 12977 prime?
False
Is 841 prime?
False
Is 40211 a prime number?
False
Is 1184653 prime?
True
Is 53827 prime?
False
Is 230357 a composite number?
False
Is 179351 a prime number?
True
Is 34433 a composite number?
True
Is 2154727 a prime number?
True
Is 19489 prime?
True
Is 93853 a prime number?
False
Is 7613 composite?
True
Is 2412941 prime?
True
Is 166289 a prime number?
True
Is 6637 composite?
False
Is 1080305 prime?
False
Is 56841 a prime number?
False
Is 77069 a prime number?
True
Is 66559 prime?
False
Is 5897 prime?
True
Is 11149 composite?
False
Is 589273 prime?
True
Is 15073 prime?
True
Is 490961 prime?
False
Is 898 a prime number?
False
Is 104633 prime?
False
Is 998097 a prime number?
False
Is 283331 prime?
False
Is 1146913 composite?
True
Is 275599 a prime number?
True
Is 135791 a prime number?
False
Is 645653 a prime number?
False
Is 193301 composite?
False
Is 10713 a composite number?
True
Is 20459 a prime number?
False
Is 2736785 a composite number?
True
Is 20897 prime?
True
Is 136639 prime?
False
Is 32537 prime?
True
Is 1361 composite?
False
Is 52367 prime?
False
Is 1143433 composite?
False
Is 46673 a composite number?
True
Is 2503 prime?
True
Is 9745 a prime number?
False
Is 1077 a prime number?
False
Is 264863 prime?
False
Is 94151 prime?
True
Is 6383 prime?
False
Is 171263 prime?
True
Is 221033 prime?
False
Is 2293 prime?
True
Is 31133 a composite number?
True
Is 337201 prime?
True
Is 3187453 prime?
False
Is 4435 composite?
True
Is 5173 a composite number?
True
Is 23181 a composite number?
True
Is 462397 a composite number?
True
Is 43261 prime?
True
Is 31351 a composite number?
True
Is 27871 composite?
True
Is 23419 prime?
False
Is 5435 a prime number?
False
Is 212171 a composite number?
True
Is 17059 a composite number?
True
Is 17623 composite?
False
Is 1992557 composite?
True
Is 1457 prime?
False
Is 149759 a prime number?
True
Is 45427 prime?
True
Is 10991 a composite number?
True
Is 239263 a prime number?
True
Is 271 prime?
True
Is 200771 composite?
False
Is 511691 a composite number?
False
Is 4417 prime?
False
Is 76991 composite?
False
Is 145937 a composite number?
True
Is 70223 a prime number?
True
Is 202859 a composite number?
False
Is 1019 composite?
False
Is 80039 a composite number?
False
Is 4627 composite?
True
Is 97103 a prime number?
True
Is 154211 prime?
True
Is 82993 composite?
True
Is 18826 a composite number?
True
Is 410651 a composite number?
False
Is 986833 composite?
True
Is 893 a prime number?
False
Is 8513 a prime number?
True
Is 87995 composite?
True
Is 27457 composite?
False
Is 28901 prime?
True
Is 18713 prime?
True
Is 88853 a prime number?
True
Is 313579 a prime number?
False
Is 1847 composite?
False
Is 105439 composite?
True
Is 37897 composite?
False
Is 34249 prime?
False
Is 3293 prime?
False
Is 305839 composite?
False
Is 4267 prime?
False
Is 20137 composite?
True
Is 747449 composite?
False
Is 93505 prime?
False
Is 9413 a composite number?
False
Is 3403 prime?
False
Is 244583 composite?
False
Is 264697 composite?
False
Is 9619 a composite number?
False
Is 12881 a composite number?
True
Is 797947 prime?
True
Is 715289 prime?
True
Is 5077 a prime number?
True
Is 18869 a composite number?
False
Is 319723 prime?
False
Is 103123 composite?
False
Is 3787679 composite?
True
Is 5219 a composite number?
True
Is 30185 a prime number?
False
Is 348811 a composite number?
False
Is 8719 a prime number?
True
Is 3019 composite?
False
Is 588269 a composite number?
True
Is 9533 prime?
True
Is 3787 prime?
False
Is 26089 composite?
True
Is 3571 composite?
False
Is 36353 a composite number?
False
Is 448391 composite?
True
Is 38771 prime?
False
Is 41207 prime?
False
Is 38989 a prime number?
False
Is 5029 composite?
True
Is 85009 composite?
False
Is 94673 a prime number?
False
Is 3879257 composite?
False
Is 1680137 prime?
False
Is 57037 prime?
True
Is 85607 composite?
False
Is 10243 a prime number?
True
Is 1559 prime?
True
Is 5579 a prime number?
False
Is 16049 prime?
False
Is 2956197 prime?
False
Is 340849 a prime number?
True
Is 4981 composite?
True
Is 13157 prime?
False
Is 26149 a prime number?
False
Is 142145 a prime number?
False
Is 134033 composite?
False
Is 139489 prime?
False
Is 175129 composite?
False
Is 17771 prime?
False
Is 6007 a composite number?
False
Is 107411 composite?
True
Is 4911 composite?
True
Is 722815 prime?
False
Is 2184089 prime?
True
Is 161453 composite?
False
Is 1035403 a prime number?
True
Is 34739 a composite number?
False
Is 473905 composite?
True
Is 28343 a composite number?
True
Is 26021 a composite number?
False
Is 100327 a prime number?
False
Is 17039 composite?
True
Is 45335 prime?
False
Is 65197 a prime number?
False
Is 131293 prime?
True
Is 37547 a prime number?
True
Is 1412405 a prime number?
False
Is 1657 prime?
True
Is 4357 a composite number?
False
Is 2819 composite?
False
Is 50279 prime?
False
Is 18991 a prime number?
False
Is 685169 composite?
False
Is 96119 composite?
True
Is 376034 a composite number?
True
Is 86923 a composite number?
False
Is 11409 a composite number?
True
Is 125959 prime?
True
Is 7246 a prime number?
False
Is 13427 a prime number?
False
Is 245789 a prime number?
True
Is 895 a composite number?
True
Is 2551 prime?
True
Is 11771 prime?
False
Is 8053 composite?
False
Is 39778 composite?
True
Is 255571 a composite number?
False
Is 350582 a composite number?
True
Is 159 a prime number?
False
Is 23521 composite?
True
Is 18853 a prime number?
False
Is 9587 a composite number?
False
Is 842923 a composite number?
False
Is 1049 a composite number?
False
Is 2749 prime?
True
Is 67227 prime?
False
Is 41911 composite?
False
Is 557981 composite?
False
Is 28349 a prime number?
True
Is 155689 composite?
False
Is 941299 a prime number?
True
Is 209701 prime?
True
Is 25523 prime?
True
Is 60194 a composite number?
True
Is 1986107 prime?
False
Is 179393 prime?
True
Is 4352389 a prime number?
True
Is 216955 composite?
True
Is 343411 a prime number?
True
Is 613 a composite number?
False
Is 2762213 a prime number?
True
Is 19249 a prime number?
True
Is 166913 prime?
False
Is 683 composite?
False
Is 974867 a prime number?
True
Is 306557 prime?
False
Is 569237 a prime number?
True
Is 20161 prime?
True
Is 14257 a prime number?
False
Is 218194 a prime number?
False
Is 1115 prime?
False
Is 46993 a composite number?
False
Is 448441 composite?
True
Is 49613 prime?
True
Is 8329 composite?
False
Is 363973 a prime number?
False
Is 213211 a prime number?
False
Is 221167 prime?
False
Is 13253 composite?
True
Is 302213 a composite number?
False
Is 310613 composite?
True
Is 107762 a composite number?
True
Is 6469 a composite number?
False
Is 2779 a composite number?
True
Is 30779 a composite number?
True
Is 63197 composite?
False
Is 107889 composite?
True
Is 93809 prime?
True
Is 804647 a prime number?
False
Is 7261 composite?
True
Is 272005 a prime number?
False
Is 11351 a composite number?
False
Is 64297 a prime number?
False
Is 3109 composite?
False
Is 35759 a composite number?
False
Is 613651 a prime number?
True
Is 2333 a composite number?
False
Is 20555 prime?
False
Is 3763 a composite number?
True
Is 444307 composite?
False
Is 561173 a prime number?
True
Is 17519 a composite number?
False
Is 77317 composite?
False
Is 13577 prime?
True
Is 7451 a composite number?
False
Is 1483271 composite?
True
Is 398857 prime?
True
Is 110339 prime?
True
Is 87467 prime?
False
Is 14347 a prime number?
True
Is 417785 a composite number?
True
Is 4717 composite?
True
Is 2134321 prime?
False
Is 12197 a prime number?
True
Is 3503 a composite number?
True
Is 47113 a composite number?
True
Is 17054 a prime number?
False
Is 49003 a prime number?
True
Is 475871 composite?
True
Is 3839899 a composite number?
True
Is 13367 a composite number?
False
Is 48817 prime?
True
Is 21377 a composite number?
False
Is 172099 composite?
True
Is 9589 a composite number?
True
Is 184369 a composite number?
False
Is 21433 a com